. What is the remainder when 106 is divided by 45/(-2)*(m/(-30) + -6)?
25
Let f = 14 - -44. Suppose -i - f = -3*i. What is the remainder when i is divided by 15?
14
Suppose -2*d = -3*z + 21, z + 2*d - 5*d = 14. Suppose -2 = z*x - 62. What is the remainder when 22 is divided by x?
10
Suppose 7*q + 16 = 11*q. Suppose 0 = q*t - 5*t. Suppose -v + 46 = j - 2*v, 2*v + 8 = t. What is the remainder when j is divided by 15?
12
Let a(o) = 2*o**3 - 3*o**2 - 33*o + 109. What is the remainder when a(3) is divided by 15?
7
Calculate the remainder when 4/10 - 183/(-5) is divided by 21/(-63) - (-793)/39.
17
Suppose -18*p = -28*p + 320. Calculate the remainder when 317 is divided by p.
29
Let s(y) = y + 23. What is the remainder when 89 is divided by s(0)?
20
Let o(f) = 4*f - 12. Let n be o(-8). What is the remainder when (n/77)/((-2)/35) is divided by 4?
2
Let v(y) = y**2 + 2*y + 6. Let x be v(-2). Suppose 4*i + 10 = x*i. What is the remainder when 19 is divided by i?
4
Let j be (1 - 10/8) + (-342)/72. What is the remainder when 96/(-40)*j/2 is divided by 1?
0
Let h be 6/(-4) + -2 + (-6)/(-12). What is the remainder when 36 is divided by h/((-1)/1)*13/3?
10
Let b = 53 + -36. Suppose b*p - 30 = 14*p. Let f = 52 - 13. Calculate the remainder when f is divided by p.
9
Let d(q) = 8*q**2 + 3*q - 3. What is the remainder when 697 is divided by d(2)?
32
Suppose -45 = 2*d - 9. Let n be 1/(98/(-32) + 3). What is the remainder when 34 is divided by n/(-10)*(-135)/d?
10
Suppose -125*g - 20 = -126*g. What is the remainder when g is divided by 3?
2
Let u = -41 + 60. Suppose 3*r = -43*p + 39*p + 356, -3*r + 3*p + 321 = 0. Calculate the remainder when r is divided by u.
17
Suppose 14 = r - 5. Suppose 2*t = 4*b - 34, -2*b = -b - 4*t - r. Let j(f) = f**3 - 4*f**2 - 20*f + 6. What is the remainder when j(7) is divided by b?
6
Let g be ((-12)/3)/(1/((-1)/(-2))). What is the remainder when (0 + g)*(3 + 61/(-2)) is divided by 14?
13
Suppose 5*c - c + 14 = 3*d, 5*c - 3*d + 16 = 0. Let n be (31 - c)*(1 - 0). Let g = -30 + n. Calculate the remainder when 9 is divided by g.
0
Suppose 2*o + 14 = 6. Suppose -2*q - 2*p = -45 + 17, 0 = -2*q + 5*p. What is the remainder when -39*-2*o/(-8) is divided by q?
9
Suppose 0 = 2*f - 4*m - 510, 59*m - 61*m - 1259 = -5*f. What is the remainder when f is divided by 51?
47
What is the remainder when 317 is divided by 10*2*(5 + 9/(-9))?
77
Suppose -653 = 4*b - 2*c - 1901, 3*c = -b + 326. What is the remainder when b is divided by 14?
6
Let l be (-22)/(-6) + 2/6. Suppose l*j = 5*j - 4. Suppose 5*k - j*b = 380, 5*b = -4*k - 0*k + 263. Calculate the remainder when k is divided by 15.
12
Suppose c + 74 - 82 = 0. What is the remainder when 25 is divided by c?
1
Let p(v) = v**2 + v + 1. Let f(z) = z - 3. Let t be f(3). Calculate the remainder when 1 is divided by p(t).
0
Let i(b) = -7 + 4*b - 4*b + 0*b + b**2. Let y = -9 + 14. Calculate the remainder when 53 is divided by i(y).
17
Suppose -o + 5*v + 47 = 10*v, -4*v - 8 = 0. What is the remainder when 221 is divided by o?
50
Suppose 5*j - 20 = 5*p, 2*p + 3*j = 3*p. Let x(n) = -n**3 - 6*n**2 - 2*n + 3. Calculate the remainder when x(p) is divided by 4.
3
Suppose 0 = -4*v - 4, -2*g + 3*v + 178 = 3*g. Suppose -5*w = 3*c - 156, 0*c + 3*w - 48 = -c. Let h = c - g. What is the remainder when h is divided by 6?
4
Suppose -4 = -2*r + 2, -4*r = -4*b + 472. Let u(x) = x**2 + 2*x - 11. Let m be u(3). Suppose m*y = 51 + b. Calculate the remainder when y is divided by 22.
21
Let j(h) = h**2 + 3*h + 5. Suppose -21 = -2*b + b + 3*y, -5*y - 67 = -3*b. What is the remainder when b is divided by j(-4)?
6
Let p(t) = -t**3 + 7. Let j = 2593 + -2540. What is the remainder when j is divided by p(0)?
4
Let j(s) = 2*s**3 + 8*s**2 + 2*s - 2. Let k be j(-6). Let v = 248 + k. What is the remainder when v is divided by 31?
28
Let b(d) = -7 + d + d + 5*d. Calculate the remainder when 62 is divided by b(4).
20
Let g = -1193 + 1213. Calculate the remainder when 71 is divided by g.
11
Suppose 2*p = 5*j + 68, -81 = -5*j - 101. Calculate the remainder when 189 is divided by p.
21
Suppose -v + 27 = 3*b, 0 = 7*v - 2*v - 2*b - 67. Calculate the remainder when 73 is divided by v.
13
Suppose -20 = -2*h + 8. What is the remainder when (-566)/(-6) - ((-16)/(-12))/(-2) is divided by h?
11
Let x(d) = 4*d - 17. Calculate the remainder when 296 is divided by x(10).
20
Suppose i - 6 = -i. Let d be (-96)/36*(-3)/2. Suppose -i*o + 2*y - 4*y = -97, -d*y - 51 = -o. What is the remainder when o is divided by 9?
8
Suppose -108 - 7 = -5*v. Suppose -4*o = o - 175. Suppose -4*m - 29 = -t, 2*t - o - 43 = 3*m. Calculate the remainder when t is divided by v.
22
Let z be 15/(-10)*(-4)/3. Let y be 3/3 + z - -1. Let s = y - 0. What is the remainder when 15 is divided by s?
3
Let r be 8/6*(-450)/(-20). Suppose -r = 22*l - 27*l. Calculate the remainder when 22 is divided by l.
4
Suppose 0 = 3*t - 428 - 205. What is the remainder when t is divided by 27?
22
Suppose -865*u + 864*u = -97. What is the remainder when u is divided by 81?
16
Let h = -45 - -71. Calculate the remainder when 257 is divided by h.
23
Let x(f) = -f + 0*f + f**2 - 2*f - 3*f - 15. What is the remainder when 35 is divided by x(9)?
11
Let x(b) = -b**2 + b - 4. Let q be x(0). What is the remainder when 101 is divided by ((12 - q) + 1)/(0 + 1)?
16
Suppose 3*w - 42 = -9. Let p(f) = -6*f**2 - f + 4. Let q be p(0). Suppose -17 - 2 = -5*z - k, q*z = -k + 16. What is the remainder when w is divided by z?
2
Let l = 19 + -5. Let h(v) = v**3 - 13*v**2 - 13*v - 1. What is the remainder when 49 is divided by h(l)?
10
Suppose 4*n = 3*v + 163, -3*n + n + 81 = -v. What is the remainder when n is divided by 14?
12
Suppose l = -5*p + 13, 4*l = 3*l - 2*p + 7. Calculate the remainder when 6 is divided by l.
0
Suppose -l + 18 = 5*r, 0*r - 3*l = -3*r. Let c be 2*(10/4 - 1). What is the remainder when ((-1 + c)*-2)/(-1) is divided by r?
1
Suppose -u = 4*i + 4*u - 80, -3*u - 12 = 0. What is the remainder when 73/((1/(-1))/(-1)) is divided by i?
23
Let p(o) = -4*o**3 - 11*o**2 - 25*o + 5. Calculate the remainder when p(-6) is divided by 33.
29
Let c = 28 - 20. Suppose 0 = c*f - 12*f + 108. Calculate the remainder when 80 is divided by f.
26
Let p(q) = -q**3 + 8*q**2 + 7*q + 4. Calculate the remainder when p(8) is divided by (-76)/(-57)*(-51)/(-4).
9
Let n = 9 - 14. Let m(o) = o**2 + 13*o + 6. Let i be m(n). Let b = i - -50. Calculate the remainder when 77 is divided by b.
13
Suppose 6 = -2*l + 22. Let s = 1051 - 1593. What is the remainder when s/(-26) + (-2)/(-13) is divided by l?
5
Let x = -675 + 691. Calculate the remainder when x is divided by 9.
7
Let k(d) = -12*d + 597. Calculate the remainder when k(37) is divided by 7.
6
Suppose 4*t + 9*d - 8*d - 384 = 0, 480 = 5*t + 2*d. Calculate the remainder when 375 is divided by t.
87
Suppose -5*p = y - 4*y - 760, 5*p - 760 = -y. What is the remainder when p is divided by 17?
16
Let i(f) = -3*f**2 - 43*f - 10. Let c be i(-14). Suppose 2 + 34 = c*n. Calculate the remainder when 86 is divided by n.
5
Let p(x) = -x**3 - 12*x**2 - 14*x - 99. Calculate the remainder when 143 is divided by p(-12).
5
Let z be (-2822)/(-16) - ((-33)/(-24) - 1). Let g = z - 153. What is the remainder when 66 is divided by g?
20
Let d(w) = -2*w**2 + w. Let l be d(0). Let o(g) = -g**3 + 5*g**2 + 6*g + 4. Calculate the remainder when (-2 - l) + (4 - (0 + -4)) is divided by o(6).
2
Let h(m) = -m**3 + 11*m**2 + 6*m - 10. What is the remainder when h(9) is divided by 63?
17
Let u be (56/(-140))/((-2)/515). Let q = -75 + u. Calculate the remainder when q is divided by 19.
9
What is the remainder when (-63 + -2)*(-5)/((-175)/(-14)) is divided by 8?
2
Let o be -3 - (-1 + -2) - 102. Let i = o + 148. Suppose -2*r - i = -4*r. Calculate the remainder when r is divided by 6.
5
Suppose -2*b = -0 + 2, -s - 4*b = -1. Let v = s + 8. Let l(g) = 10*g - 1. What is the remainder when l(5) is divided by v?
10
Suppose -3*j + 0 = -12. Let k be (j - 1)/(2/2). Suppose 2*u + 4*c + 34 = 4*u, -u - k*c = -37. What is the remainder when 73 is divided by u?
23
Let x = 374 + -206. Calculate the remainder when x is divided by 13.
12
Let s = -3 - -30. Suppose -96 = -3*r - 13*r. What is the remainder when s is divided by r?
3
Let o be 1